{"version":"1.0","provider_name":"Republika e S\u00ebrbis\u00eb Trupi Koordinues p\u00ebr komunat Bujanoc, Preshev\u00eb dhe Medvegj\u00eb","provider_url":"https:\/\/kt.gov.rs\/sq\/","author_name":"ktmin","author_url":"https:\/\/kt.gov.rs\/sq\/author\/ktmin\/","title":"TRAJNIMI PROFESIONAL I EMIGRANT\u00cbVE N\u00cb JUGUN E SERBIS\u00cb - Republika e S\u00ebrbis\u00eb Trupi Koordinues p\u00ebr komunat Bujanoc, Preshev\u00eb dhe Medvegj\u00eb","type":"rich","width":600,"height":338,"html":"<blockquote class=\"wp-embedded-content\" data-secret=\"zVjQBX6K7o\"><a href=\"https:\/\/kt.gov.rs\/sq\/trajnimi-profesional-i-emigranteve-ne-jugun-e-serbise\/\">TRAJNIMI PROFESIONAL I EMIGRANT\u00cbVE N\u00cb JUGUN E SERBIS\u00cb<\/a><\/blockquote><iframe sandbox=\"allow-scripts\" security=\"restricted\" src=\"https:\/\/kt.gov.rs\/sq\/trajnimi-profesional-i-emigranteve-ne-jugun-e-serbise\/embed\/#?secret=zVjQBX6K7o\" width=\"600\" height=\"338\" title=\"\u201cTRAJNIMI PROFESIONAL I EMIGRANT\u00cbVE N\u00cb JUGUN E SERBIS\u00cb\u201d \u2014 Republika e S\u00ebrbis\u00eb Trupi Koordinues p\u00ebr komunat Bujanoc, Preshev\u00eb dhe Medvegj\u00eb\" data-secret=\"zVjQBX6K7o\" frameborder=\"0\" marginwidth=\"0\" marginheight=\"0\" scrolling=\"no\" class=\"wp-embedded-content\"><\/iframe><script type=\"text\/javascript\">\n\/* <![CDATA[ *\/\n\/*! This file is auto-generated *\/\n!function(d,l){\"use strict\";l.querySelector&&d.addEventListener&&\"undefined\"!=typeof URL&&(d.wp=d.wp||{},d.wp.receiveEmbedMessage||(d.wp.receiveEmbedMessage=function(e){var t=e.data;if((t||t.secret||t.message||t.value)&&!\/[^a-zA-Z0-9]\/.test(t.secret)){for(var s,r,n,a=l.querySelectorAll('iframe[data-secret=\"'+t.secret+'\"]'),o=l.querySelectorAll('blockquote[data-secret=\"'+t.secret+'\"]'),c=new RegExp(\"^https?:$\",\"i\"),i=0;i<o.length;i++)o[i].style.display=\"none\";for(i=0;i<a.length;i++)s=a[i],e.source===s.contentWindow&&(s.removeAttribute(\"style\"),\"height\"===t.message?(1e3<(r=parseInt(t.value,10))?r=1e3:~~r<200&&(r=200),s.height=r):\"link\"===t.message&&(r=new URL(s.getAttribute(\"src\")),n=new URL(t.value),c.test(n.protocol))&&n.host===r.host&&l.activeElement===s&&(d.top.location.href=t.value))}},d.addEventListener(\"message\",d.wp.receiveEmbedMessage,!1),l.addEventListener(\"DOMContentLoaded\",function(){for(var e,t,s=l.querySelectorAll(\"iframe.wp-embedded-content\"),r=0;r<s.length;r++)(t=(e=s[r]).getAttribute(\"data-secret\"))||(t=Math.random().toString(36).substring(2,12),e.src+=\"#?secret=\"+t,e.setAttribute(\"data-secret\",t)),e.contentWindow.postMessage({message:\"ready\",secret:t},\"*\")},!1)))}(window,document);\n\/* ]]> *\/\n<\/script>\n","thumbnail_url":"https:\/\/kt.gov.rs\/wp-content\/uploads\/2024\/07\/1542182921_news_pic14112018_3-5.jpg","thumbnail_width":315,"thumbnail_height":230,"description":"Bujanoc -\u00a0P\u00ebr t\u00eb gjetur nj\u00eb pun\u00eb m\u00eb t\u00eb leht\u00eb, Universiteti Komb\u00ebtar i Vraj\u00ebs ka filluar trajnimin p\u00ebr 8 emigrant\u00eb nga Qendra Pranuese n\u00eb Vraj\u00eb p\u00ebr kujdesin e kujdestar\u00ebve dhe pun\u00ebn kompjuterike, nd\u00ebrsa dit\u00ebn e h\u00ebn\u00eb do t\u00eb fillojn\u00eb edhe tet\u00eb persona trajnimin p\u00ebr floktar\u00eb. Gjithashtu, trajnimi i grave emigrante p\u00ebr rrobaqep\u00ebsi, qepje dhe bizhuteri t\u00eb punuar me dor\u00eb filloi n\u00eb Qendr\u00ebn e Strehimit n\u00eb Bujanoc."}

Republika e Sërbisë Trupi Koordinues për komunat Bujanoc, Preshevë dhe Medvegjë

TRAJNIMI PROFESIONAL I EMIGRANTËVE NË JUGUN E SERBISË - Republika e Sërbisë Trupi Koordinues për komunat Bujanoc, Preshevë dhe Medvegjë

<blockquote class="wp-embedded-content" data-secret="zVjQBX6K7o"><a href="https://kt.gov.rs/sq/trajnimi-profesional-i-emigranteve-ne-jugun-e-serbise/">TRAJNIMI PROFESIONAL I EMIGRANTËVE NË JUGUN E SERBISË</a></blockquote><iframe sandbox="allow-scripts" security="restricted" src="https://kt.gov.rs/sq/trajnimi-profesional-i-emigranteve-ne-jugun-e-serbise/embed/#?secret=zVjQBX6K7o" width="600" height="338" title="“TRAJNIMI PROFESIONAL I EMIGRANTËVE NË JUGUN E SERBISË” — Republika e Sërbisë Trupi Koordinues për komunat Bujanoc, Preshevë dhe Medvegjë" data-secret="zVjQBX6K7o" frameborder="0" marginwidth="0" marginheight="0" scrolling="no" class="wp-embedded-content"></iframe><script type="text/javascript">
/* <![CDATA[ */
/*! This file is auto-generated */
!function(d,l){"use strict";l.querySelector&&d.addEventListener&&"undefined"!=typeof URL&&(d.wp=d.wp||{},d.wp.receiveEmbedMessage||(d.wp.receiveEmbedMessage=function(e){var t=e.data;if((t||t.secret||t.message||t.value)&&!/[^a-zA-Z0-9]/.test(t.secret)){for(var s,r,n,a=l.querySelectorAll('iframe[data-secret="'+t.secret+'"]'),o=l.querySelectorAll('blockquote[data-secret="'+t.secret+'"]'),c=new RegExp("^https?:$","i"),i=0;i<o.length;i++)o[i].style.display="none";for(i=0;i<a.length;i++)s=a[i],e.source===s.contentWindow&&(s.removeAttribute("style"),"height"===t.message?(1e3<(r=parseInt(t.value,10))?r=1e3:~~r<200&&(r=200),s.height=r):"link"===t.message&&(r=new URL(s.getAttribute("src")),n=new URL(t.value),c.test(n.protocol))&&n.host===r.host&&l.activeElement===s&&(d.top.location.href=t.value))}},d.addEventListener("message",d.wp.receiveEmbedMessage,!1),l.addEventListener("DOMContentLoaded",function(){for(var e,t,s=l.querySelectorAll("iframe.wp-embedded-content"),r=0;r<s.length;r++)(t=(e=s[r]).getAttribute("data-secret"))||(t=Math.random().toString(36).substring(2,12),e.src+="#?secret="+t,e.setAttribute("data-secret",t)),e.contentWindow.postMessage({message:"ready",secret:t},"*")},!1)))}(window,document);
/* ]]> */
</script>

Bujanoc - Për të gjetur një punë më të lehtë, Universiteti Kombëtar i Vrajës ka filluar trajnimin për 8 emigrantë nga Qendra Pranuese në Vrajë për kujdesin e kujdestarëve dhe punën kompjuterike, ndërsa ditën e hënë do të fillojnë edhe tetë persona trajnimin për floktarë. Gjithashtu, trajnimi i grave emigrante për rrobaqepësi, qepje dhe bizhuteri të punuar me dorë filloi në Qendrën e Strehimit në Bujanoc.
