{"version":"1.0","provider_name":"Republika e S\u00ebrbis\u00eb Trupi Koordinues p\u00ebr komunat Bujanoc, Preshev\u00eb dhe Medvegj\u00eb","provider_url":"https:\/\/kt.gov.rs\/sq\/","author_name":"ktmin","author_url":"https:\/\/kt.gov.rs\/sq\/author\/ktmin\/","title":"TI DHE UN\u00cb JEMI NE - Republika e S\u00ebrbis\u00eb Trupi Koordinues p\u00ebr komunat Bujanoc, Preshev\u00eb dhe Medvegj\u00eb","type":"rich","width":600,"height":338,"html":"<blockquote class=\"wp-embedded-content\" data-secret=\"Rqbs8bv3wx\"><a href=\"https:\/\/kt.gov.rs\/sq\/ti-dhe-une-jemi-ne\/\">TI DHE UN\u00cb JEMI NE<\/a><\/blockquote><iframe sandbox=\"allow-scripts\" security=\"restricted\" src=\"https:\/\/kt.gov.rs\/sq\/ti-dhe-une-jemi-ne\/embed\/#?secret=Rqbs8bv3wx\" width=\"600\" height=\"338\" title=\"\u201cTI DHE UN\u00cb JEMI NE\u201d \u2014 Republika e S\u00ebrbis\u00eb Trupi Koordinues p\u00ebr komunat Bujanoc, Preshev\u00eb dhe Medvegj\u00eb\" data-secret=\"Rqbs8bv3wx\" frameborder=\"0\" marginwidth=\"0\" marginheight=\"0\" scrolling=\"no\" class=\"wp-embedded-content\"><\/iframe><script type=\"text\/javascript\">\n\/* <![CDATA[ *\/\n\/*! This file is auto-generated *\/\n!function(d,l){\"use strict\";l.querySelector&&d.addEventListener&&\"undefined\"!=typeof URL&&(d.wp=d.wp||{},d.wp.receiveEmbedMessage||(d.wp.receiveEmbedMessage=function(e){var t=e.data;if((t||t.secret||t.message||t.value)&&!\/[^a-zA-Z0-9]\/.test(t.secret)){for(var s,r,n,a=l.querySelectorAll('iframe[data-secret=\"'+t.secret+'\"]'),o=l.querySelectorAll('blockquote[data-secret=\"'+t.secret+'\"]'),c=new RegExp(\"^https?:$\",\"i\"),i=0;i<o.length;i++)o[i].style.display=\"none\";for(i=0;i<a.length;i++)s=a[i],e.source===s.contentWindow&&(s.removeAttribute(\"style\"),\"height\"===t.message?(1e3<(r=parseInt(t.value,10))?r=1e3:~~r<200&&(r=200),s.height=r):\"link\"===t.message&&(r=new URL(s.getAttribute(\"src\")),n=new URL(t.value),c.test(n.protocol))&&n.host===r.host&&l.activeElement===s&&(d.top.location.href=t.value))}},d.addEventListener(\"message\",d.wp.receiveEmbedMessage,!1),l.addEventListener(\"DOMContentLoaded\",function(){for(var e,t,s=l.querySelectorAll(\"iframe.wp-embedded-content\"),r=0;r<s.length;r++)(t=(e=s[r]).getAttribute(\"data-secret\"))||(t=Math.random().toString(36).substring(2,12),e.src+=\"#?secret=\"+t,e.setAttribute(\"data-secret\",t)),e.contentWindow.postMessage({message:\"ready\",secret:t},\"*\")},!1)))}(window,document);\n\/* ]]> *\/\n<\/script>\n","thumbnail_url":"https:\/\/kt.gov.rs\/wp-content\/uploads\/2024\/07\/pic071vesti-5.jpg","thumbnail_width":250,"thumbnail_height":166,"description":"\u201eTi dhe un\u00eb jemi ne, nd\u00ebrsa ne jemi t\u00ebr\u00eb bot\u00eb. Ne mundemi ta ndryshojm\u00eb bot\u00ebn. Zi-bardh-lara. Latinic\u00eb-qirilic\u00eb. E gjith kjo \u00ebsht\u00eb arg\u00ebtuese, bota \u00ebsht\u00eb p\u00ebrplot llojllojshm\u00ebrish\u00eb. Nuk je si un\u00eb e un\u00eb nuk jam\u00eb si ti, ti dhe un\u00eb jemi ekip\u00eb\u2019\u2019. Ky \u00ebsht\u00eb refreni i kat\u00ebrmb\u00ebdh\u00ebjet\u00eb nx\u00ebn\u00ebsve t\u00eb shkollave t\u00eb mesme, Serb\u00eb, Shqip\u00ebtar\u00eb dhe Rom\u00eb nga Bujanoci dhe Presheva t\u00eb cil\u00ebt mbaruan premier\u00ebn e \u00e7faqjes teatrale ,,Ti dhe un\u00eb jemi ne\u2019\u2019. Artist\u00ebt e rinj\u00eb jan\u00eb pritur me ovacione frenetike n\u00eb sall\u00ebn p\u00ebrplot\u00eb n\u00eb Sht\u00ebpin\u00eb e kultur\u00ebs n\u00eb Bujanoc, t\u00eb mart\u00ebn m\u00eb 2 dhjetor\u00eb."}

Republika e Sërbisë Trupi Koordinues për komunat Bujanoc, Preshevë dhe Medvegjë

TI DHE UNË JEMI NE - Republika e Sërbisë Trupi Koordinues për komunat Bujanoc, Preshevë dhe Medvegjë

<blockquote class="wp-embedded-content" data-secret="Rqbs8bv3wx"><a href="https://kt.gov.rs/sq/ti-dhe-une-jemi-ne/">TI DHE UNË JEMI NE</a></blockquote><iframe sandbox="allow-scripts" security="restricted" src="https://kt.gov.rs/sq/ti-dhe-une-jemi-ne/embed/#?secret=Rqbs8bv3wx" width="600" height="338" title="“TI DHE UNË JEMI NE” — Republika e Sërbisë Trupi Koordinues për komunat Bujanoc, Preshevë dhe Medvegjë" data-secret="Rqbs8bv3wx" frameborder="0" marginwidth="0" marginheight="0" scrolling="no" class="wp-embedded-content"></iframe><script type="text/javascript">
/* <![CDATA[ */
/*! This file is auto-generated */
!function(d,l){"use strict";l.querySelector&&d.addEventListener&&"undefined"!=typeof URL&&(d.wp=d.wp||{},d.wp.receiveEmbedMessage||(d.wp.receiveEmbedMessage=function(e){var t=e.data;if((t||t.secret||t.message||t.value)&&!/[^a-zA-Z0-9]/.test(t.secret)){for(var s,r,n,a=l.querySelectorAll('iframe[data-secret="'+t.secret+'"]'),o=l.querySelectorAll('blockquote[data-secret="'+t.secret+'"]'),c=new RegExp("^https?:$","i"),i=0;i<o.length;i++)o[i].style.display="none";for(i=0;i<a.length;i++)s=a[i],e.source===s.contentWindow&&(s.removeAttribute("style"),"height"===t.message?(1e3<(r=parseInt(t.value,10))?r=1e3:~~r<200&&(r=200),s.height=r):"link"===t.message&&(r=new URL(s.getAttribute("src")),n=new URL(t.value),c.test(n.protocol))&&n.host===r.host&&l.activeElement===s&&(d.top.location.href=t.value))}},d.addEventListener("message",d.wp.receiveEmbedMessage,!1),l.addEventListener("DOMContentLoaded",function(){for(var e,t,s=l.querySelectorAll("iframe.wp-embedded-content"),r=0;r<s.length;r++)(t=(e=s[r]).getAttribute("data-secret"))||(t=Math.random().toString(36).substring(2,12),e.src+="#?secret="+t,e.setAttribute("data-secret",t)),e.contentWindow.postMessage({message:"ready",secret:t},"*")},!1)))}(window,document);
/* ]]> */
</script>

„Ti dhe unë jemi ne, ndërsa ne jemi tërë botë. Ne mundemi ta ndryshojmë botën. Zi-bardh-lara. Latinicë-qirilicë. E gjith kjo është argëtuese, bota është përplot llojllojshmërishë. Nuk je si unë e unë nuk jamë si ti, ti dhe unë jemi ekipë’’. Ky është refreni i katërmbëdhëjetë nxënësve të shkollave të mesme, Serbë, Shqipëtarë dhe Romë nga Bujanoci dhe Presheva të cilët mbaruan premierën e çfaqjes teatrale ,,Ti dhe unë jemi ne’’. Artistët e rinjë janë pritur me ovacione frenetike në sallën përplotë në Shtëpinë e kulturës në Bujanoc, të martën më 2 dhjetorë.
