{"version":"1.0","provider_name":"Republika e S\u00ebrbis\u00eb Trupi Koordinues p\u00ebr komunat Bujanoc, Preshev\u00eb dhe Medvegj\u00eb","provider_url":"https:\/\/kt.gov.rs\/sq\/","author_name":"ktmin","author_url":"https:\/\/kt.gov.rs\/sq\/author\/ktmin\/","title":"PROJEKTI \u201cME DITURI DERI TEK PUNA\u201d(E2E) - Republika e S\u00ebrbis\u00eb Trupi Koordinues p\u00ebr komunat Bujanoc, Preshev\u00eb dhe Medvegj\u00eb","type":"rich","width":600,"height":338,"html":"<blockquote class=\"wp-embedded-content\" data-secret=\"JcfTjHRbYh\"><a href=\"https:\/\/kt.gov.rs\/sq\/projekti-me-dituri-deri-tek-puna-e2e\/\">PROJEKTI \u201cME DITURI DERI TEK PUNA\u201d(E2E)<\/a><\/blockquote><iframe sandbox=\"allow-scripts\" security=\"restricted\" src=\"https:\/\/kt.gov.rs\/sq\/projekti-me-dituri-deri-tek-puna-e2e\/embed\/#?secret=JcfTjHRbYh\" width=\"600\" height=\"338\" title=\"\u201cPROJEKTI \u201cME DITURI DERI TEK PUNA\u201d(E2E)\u201d \u2014 Republika e S\u00ebrbis\u00eb Trupi Koordinues p\u00ebr komunat Bujanoc, Preshev\u00eb dhe Medvegj\u00eb\" data-secret=\"JcfTjHRbYh\" frameborder=\"0\" marginwidth=\"0\" marginheight=\"0\" scrolling=\"no\" class=\"wp-embedded-content\"><\/iframe><script type=\"text\/javascript\">\n\/* <![CDATA[ *\/\n\/*! This file is auto-generated *\/\n!function(d,l){\"use strict\";l.querySelector&&d.addEventListener&&\"undefined\"!=typeof URL&&(d.wp=d.wp||{},d.wp.receiveEmbedMessage||(d.wp.receiveEmbedMessage=function(e){var t=e.data;if((t||t.secret||t.message||t.value)&&!\/[^a-zA-Z0-9]\/.test(t.secret)){for(var s,r,n,a=l.querySelectorAll('iframe[data-secret=\"'+t.secret+'\"]'),o=l.querySelectorAll('blockquote[data-secret=\"'+t.secret+'\"]'),c=new RegExp(\"^https?:$\",\"i\"),i=0;i<o.length;i++)o[i].style.display=\"none\";for(i=0;i<a.length;i++)s=a[i],e.source===s.contentWindow&&(s.removeAttribute(\"style\"),\"height\"===t.message?(1e3<(r=parseInt(t.value,10))?r=1e3:~~r<200&&(r=200),s.height=r):\"link\"===t.message&&(r=new URL(s.getAttribute(\"src\")),n=new URL(t.value),c.test(n.protocol))&&n.host===r.host&&l.activeElement===s&&(d.top.location.href=t.value))}},d.addEventListener(\"message\",d.wp.receiveEmbedMessage,!1),l.addEventListener(\"DOMContentLoaded\",function(){for(var e,t,s=l.querySelectorAll(\"iframe.wp-embedded-content\"),r=0;r<s.length;r++)(t=(e=s[r]).getAttribute(\"data-secret\"))||(t=Math.random().toString(36).substring(2,12),e.src+=\"#?secret=\"+t,e.setAttribute(\"data-secret\",t)),e.contentWindow.postMessage({message:\"ready\",secret:t},\"*\")},!1)))}(window,document);\n\/* ]]> *\/\n<\/script>\n","thumbnail_url":"https:\/\/kt.gov.rs\/wp-content\/uploads\/2024\/07\/1587630585_230420_3-5.jpg","thumbnail_width":315,"thumbnail_height":230,"description":"Ekipi p\u00ebr p\u00ebrfshirje sociale dhe zvog\u00eblimin e varf\u00ebris\u00eb i Qeveris\u00eb s\u00eb Republik\u00ebs s\u00eb Serbis\u00ebka p\u00ebrgatitur nj\u00eb video q\u00eb prezanton modele inovative t\u00eb zhvilluara n\u00ebn programin \u201cMe dituri deri tek puna\u201d p\u00ebr t\u00eb rritur pun\u00ebsimin e t\u00eb rinjve n\u00eb Serbi. Video paraqet m\u00ebnyra me t\u00eb cilat qasjet inovative, individualizimi i masave t\u00eb p\u00ebrshtatura p\u00ebr nevojat e t\u00eb rinjve dhe p\u00ebrshtatja e sh\u00ebrbimeve me njohurit\u00eb, aft\u00ebsit\u00eb dhe kapacitetet e secilit person mund t\u00eb p\u00ebrballojn\u00eb sfid\u00ebn e pun\u00ebsimit t\u00eb t\u00eb rinjve."}

Republika e Sërbisë Trupi Koordinues për komunat Bujanoc, Preshevë dhe Medvegjë

PROJEKTI “ME DITURI DERI TEK PUNA”(E2E) - Republika e Sërbisë Trupi Koordinues për komunat Bujanoc, Preshevë dhe Medvegjë

<blockquote class="wp-embedded-content" data-secret="JcfTjHRbYh"><a href="https://kt.gov.rs/sq/projekti-me-dituri-deri-tek-puna-e2e/">PROJEKTI “ME DITURI DERI TEK PUNA”(E2E)</a></blockquote><iframe sandbox="allow-scripts" security="restricted" src="https://kt.gov.rs/sq/projekti-me-dituri-deri-tek-puna-e2e/embed/#?secret=JcfTjHRbYh" width="600" height="338" title="“PROJEKTI “ME DITURI DERI TEK PUNA”(E2E)” — Republika e Sërbisë Trupi Koordinues për komunat Bujanoc, Preshevë dhe Medvegjë" data-secret="JcfTjHRbYh" frameborder="0" marginwidth="0" marginheight="0" scrolling="no" class="wp-embedded-content"></iframe><script type="text/javascript">
/* <![CDATA[ */
/*! This file is auto-generated */
!function(d,l){"use strict";l.querySelector&&d.addEventListener&&"undefined"!=typeof URL&&(d.wp=d.wp||{},d.wp.receiveEmbedMessage||(d.wp.receiveEmbedMessage=function(e){var t=e.data;if((t||t.secret||t.message||t.value)&&!/[^a-zA-Z0-9]/.test(t.secret)){for(var s,r,n,a=l.querySelectorAll('iframe[data-secret="'+t.secret+'"]'),o=l.querySelectorAll('blockquote[data-secret="'+t.secret+'"]'),c=new RegExp("^https?:$","i"),i=0;i<o.length;i++)o[i].style.display="none";for(i=0;i<a.length;i++)s=a[i],e.source===s.contentWindow&&(s.removeAttribute("style"),"height"===t.message?(1e3<(r=parseInt(t.value,10))?r=1e3:~~r<200&&(r=200),s.height=r):"link"===t.message&&(r=new URL(s.getAttribute("src")),n=new URL(t.value),c.test(n.protocol))&&n.host===r.host&&l.activeElement===s&&(d.top.location.href=t.value))}},d.addEventListener("message",d.wp.receiveEmbedMessage,!1),l.addEventListener("DOMContentLoaded",function(){for(var e,t,s=l.querySelectorAll("iframe.wp-embedded-content"),r=0;r<s.length;r++)(t=(e=s[r]).getAttribute("data-secret"))||(t=Math.random().toString(36).substring(2,12),e.src+="#?secret="+t,e.setAttribute("data-secret",t)),e.contentWindow.postMessage({message:"ready",secret:t},"*")},!1)))}(window,document);
/* ]]> */
</script>

Ekipi për përfshirje sociale dhe zvogëlimin e varfërisë i Qeverisë së Republikës së Serbisëka përgatitur një video që prezanton modele inovative të zhvilluara nën programin “Me dituri deri tek puna” për të rritur punësimin e të rinjve në Serbi. Video paraqet mënyra me të cilat qasjet inovative, individualizimi i masave të përshtatura për nevojat e të rinjve dhe përshtatja e shërbimeve me njohuritë, aftësitë dhe kapacitetet e secilit person mund të përballojnë sfidën e punësimit të të rinjve.
