{"version":"1.0","provider_name":"Republika e S\u00ebrbis\u00eb Trupi Koordinues p\u00ebr komunat Bujanoc, Preshev\u00eb dhe Medvegj\u00eb","provider_url":"https:\/\/kt.gov.rs\/sq\/","author_name":"ktmin","author_url":"https:\/\/kt.gov.rs\/sq\/author\/ktmin\/","title":"PROGRAMI I PRAKTIK\u00cbS PROFESIONALE 2022 - 2023 - Republika e S\u00ebrbis\u00eb Trupi Koordinues p\u00ebr komunat Bujanoc, Preshev\u00eb dhe Medvegj\u00eb","type":"rich","width":600,"height":338,"html":"<blockquote class=\"wp-embedded-content\" data-secret=\"pCnbZ1oaUH\"><a href=\"https:\/\/kt.gov.rs\/sq\/programi-i-praktikes-profesionale-2022-2023\/\">PROGRAMI I PRAKTIK\u00cbS PROFESIONALE 2022 \u2013 2023<\/a><\/blockquote><iframe sandbox=\"allow-scripts\" security=\"restricted\" src=\"https:\/\/kt.gov.rs\/sq\/programi-i-praktikes-profesionale-2022-2023\/embed\/#?secret=pCnbZ1oaUH\" width=\"600\" height=\"338\" title=\"\u201cPROGRAMI I PRAKTIK\u00cbS PROFESIONALE 2022 \u2013 2023\u201d \u2014 Republika e S\u00ebrbis\u00eb Trupi Koordinues p\u00ebr komunat Bujanoc, Preshev\u00eb dhe Medvegj\u00eb\" data-secret=\"pCnbZ1oaUH\" frameborder=\"0\" marginwidth=\"0\" marginheight=\"0\" scrolling=\"no\" class=\"wp-embedded-content\"><\/iframe><script type=\"text\/javascript\">\n\/* <![CDATA[ *\/\n\/*! This file is auto-generated *\/\n!function(d,l){\"use strict\";l.querySelector&&d.addEventListener&&\"undefined\"!=typeof URL&&(d.wp=d.wp||{},d.wp.receiveEmbedMessage||(d.wp.receiveEmbedMessage=function(e){var t=e.data;if((t||t.secret||t.message||t.value)&&!\/[^a-zA-Z0-9]\/.test(t.secret)){for(var s,r,n,a=l.querySelectorAll('iframe[data-secret=\"'+t.secret+'\"]'),o=l.querySelectorAll('blockquote[data-secret=\"'+t.secret+'\"]'),c=new RegExp(\"^https?:$\",\"i\"),i=0;i<o.length;i++)o[i].style.display=\"none\";for(i=0;i<a.length;i++)s=a[i],e.source===s.contentWindow&&(s.removeAttribute(\"style\"),\"height\"===t.message?(1e3<(r=parseInt(t.value,10))?r=1e3:~~r<200&&(r=200),s.height=r):\"link\"===t.message&&(r=new URL(s.getAttribute(\"src\")),n=new URL(t.value),c.test(n.protocol))&&n.host===r.host&&l.activeElement===s&&(d.top.location.href=t.value))}},d.addEventListener(\"message\",d.wp.receiveEmbedMessage,!1),l.addEventListener(\"DOMContentLoaded\",function(){for(var e,t,s=l.querySelectorAll(\"iframe.wp-embedded-content\"),r=0;r<s.length;r++)(t=(e=s[r]).getAttribute(\"data-secret\"))||(t=Math.random().toString(36).substring(2,12),e.src+=\"#?secret=\"+t,e.setAttribute(\"data-secret\",t)),e.contentWindow.postMessage({message:\"ready\",secret:t},\"*\")},!1)))}(window,document);\n\/* ]]> *\/\n<\/script>\n","thumbnail_url":"https:\/\/kt.gov.rs\/wp-content\/uploads\/2024\/07\/1660902726_190822_1-3.jpg","thumbnail_width":315,"thumbnail_height":230,"description":"Beograd -\u00a0Misioni i OSBE-s\u00eb n\u00eb Serbi dhe Ministria e t\u00eb Drejtave t\u00eb Njeriut dhe Pakicave dhe Dialogut Social ofrojn\u00eb nj\u00eb mund\u00ebsi p\u00ebr t\u00eb rinjt\u00eb nga Serbia jugore dhe jugper\u00ebndimore t\u00eb cil\u00ebt jan\u00eb diplomuar s\u00eb fundmi. \u00cbsht\u00eb shpallur konkursi p\u00ebr programin e praktik\u00ebs profesionale..."}

Republika e Sërbisë Trupi Koordinues për komunat Bujanoc, Preshevë dhe Medvegjë

PROGRAMI I PRAKTIKËS PROFESIONALE 2022 - 2023 - Republika e Sërbisë Trupi Koordinues për komunat Bujanoc, Preshevë dhe Medvegjë

<blockquote class="wp-embedded-content" data-secret="pCnbZ1oaUH"><a href="https://kt.gov.rs/sq/programi-i-praktikes-profesionale-2022-2023/">PROGRAMI I PRAKTIKËS PROFESIONALE 2022 – 2023</a></blockquote><iframe sandbox="allow-scripts" security="restricted" src="https://kt.gov.rs/sq/programi-i-praktikes-profesionale-2022-2023/embed/#?secret=pCnbZ1oaUH" width="600" height="338" title="“PROGRAMI I PRAKTIKËS PROFESIONALE 2022 – 2023” — Republika e Sërbisë Trupi Koordinues për komunat Bujanoc, Preshevë dhe Medvegjë" data-secret="pCnbZ1oaUH" frameborder="0" marginwidth="0" marginheight="0" scrolling="no" class="wp-embedded-content"></iframe><script type="text/javascript">
/* <![CDATA[ */
/*! This file is auto-generated */
!function(d,l){"use strict";l.querySelector&&d.addEventListener&&"undefined"!=typeof URL&&(d.wp=d.wp||{},d.wp.receiveEmbedMessage||(d.wp.receiveEmbedMessage=function(e){var t=e.data;if((t||t.secret||t.message||t.value)&&!/[^a-zA-Z0-9]/.test(t.secret)){for(var s,r,n,a=l.querySelectorAll('iframe[data-secret="'+t.secret+'"]'),o=l.querySelectorAll('blockquote[data-secret="'+t.secret+'"]'),c=new RegExp("^https?:$","i"),i=0;i<o.length;i++)o[i].style.display="none";for(i=0;i<a.length;i++)s=a[i],e.source===s.contentWindow&&(s.removeAttribute("style"),"height"===t.message?(1e3<(r=parseInt(t.value,10))?r=1e3:~~r<200&&(r=200),s.height=r):"link"===t.message&&(r=new URL(s.getAttribute("src")),n=new URL(t.value),c.test(n.protocol))&&n.host===r.host&&l.activeElement===s&&(d.top.location.href=t.value))}},d.addEventListener("message",d.wp.receiveEmbedMessage,!1),l.addEventListener("DOMContentLoaded",function(){for(var e,t,s=l.querySelectorAll("iframe.wp-embedded-content"),r=0;r<s.length;r++)(t=(e=s[r]).getAttribute("data-secret"))||(t=Math.random().toString(36).substring(2,12),e.src+="#?secret="+t,e.setAttribute("data-secret",t)),e.contentWindow.postMessage({message:"ready",secret:t},"*")},!1)))}(window,document);
/* ]]> */
</script>

Beograd - Misioni i OSBE-së në Serbi dhe Ministria e të Drejtave të Njeriut dhe Pakicave dhe Dialogut Social ofrojnë një mundësi për të rinjtë nga Serbia jugore dhe jugperëndimore të cilët janë diplomuar së fundmi. Është shpallur konkursi për programin e praktikës profesionale...
