{"version":"1.0","provider_name":"Republika e S\u00ebrbis\u00eb Trupi Koordinues p\u00ebr komunat Bujanoc, Preshev\u00eb dhe Medvegj\u00eb","provider_url":"https:\/\/kt.gov.rs\/sq\/","author_name":"ktmin","author_url":"https:\/\/kt.gov.rs\/sq\/author\/ktmin\/","title":"PAGESA E RRYM\u00cbS ME 120 K\u00cbSTE - Republika e S\u00ebrbis\u00eb Trupi Koordinues p\u00ebr komunat Bujanoc, Preshev\u00eb dhe Medvegj\u00eb","type":"rich","width":600,"height":338,"html":"<blockquote class=\"wp-embedded-content\" data-secret=\"KIkcAXMuYk\"><a href=\"https:\/\/kt.gov.rs\/sq\/pagesa-e-rrymes-me-120-keste\/\">PAGESA E RRYM\u00cbS ME 120 K\u00cbSTE<\/a><\/blockquote><iframe sandbox=\"allow-scripts\" security=\"restricted\" src=\"https:\/\/kt.gov.rs\/sq\/pagesa-e-rrymes-me-120-keste\/embed\/#?secret=KIkcAXMuYk\" width=\"600\" height=\"338\" title=\"\u201cPAGESA E RRYM\u00cbS ME 120 K\u00cbSTE\u201d \u2014 Republika e S\u00ebrbis\u00eb Trupi Koordinues p\u00ebr komunat Bujanoc, Preshev\u00eb dhe Medvegj\u00eb\" data-secret=\"KIkcAXMuYk\" frameborder=\"0\" marginwidth=\"0\" marginheight=\"0\" scrolling=\"no\" class=\"wp-embedded-content\"><\/iframe><script type=\"text\/javascript\">\n\/* <![CDATA[ *\/\n\/*! This file is auto-generated *\/\n!function(d,l){\"use strict\";l.querySelector&&d.addEventListener&&\"undefined\"!=typeof URL&&(d.wp=d.wp||{},d.wp.receiveEmbedMessage||(d.wp.receiveEmbedMessage=function(e){var t=e.data;if((t||t.secret||t.message||t.value)&&!\/[^a-zA-Z0-9]\/.test(t.secret)){for(var s,r,n,a=l.querySelectorAll('iframe[data-secret=\"'+t.secret+'\"]'),o=l.querySelectorAll('blockquote[data-secret=\"'+t.secret+'\"]'),c=new RegExp(\"^https?:$\",\"i\"),i=0;i<o.length;i++)o[i].style.display=\"none\";for(i=0;i<a.length;i++)s=a[i],e.source===s.contentWindow&&(s.removeAttribute(\"style\"),\"height\"===t.message?(1e3<(r=parseInt(t.value,10))?r=1e3:~~r<200&&(r=200),s.height=r):\"link\"===t.message&&(r=new URL(s.getAttribute(\"src\")),n=new URL(t.value),c.test(n.protocol))&&n.host===r.host&&l.activeElement===s&&(d.top.location.href=t.value))}},d.addEventListener(\"message\",d.wp.receiveEmbedMessage,!1),l.addEventListener(\"DOMContentLoaded\",function(){for(var e,t,s=l.querySelectorAll(\"iframe.wp-embedded-content\"),r=0;r<s.length;r++)(t=(e=s[r]).getAttribute(\"data-secret\"))||(t=Math.random().toString(36).substring(2,12),e.src+=\"#?secret=\"+t,e.setAttribute(\"data-secret\",t)),e.contentWindow.postMessage({message:\"ready\",secret:t},\"*\")},!1)))}(window,document);\n\/* ]]> *\/\n<\/script>\n","thumbnail_url":"https:\/\/kt.gov.rs\/wp-content\/uploads\/2024\/07\/newspic218v-5.jpg","thumbnail_width":315,"thumbnail_height":180,"description":"K\u00ebshilli drejtues i elektroekonomis\u00eb s\u00eb Serbis\u00eb (EPS) \u00a0ka miratuar sot vendimin e reprogramit t\u00eb borxheve t\u00eb rrym\u00ebs elektrike me t\u00eb cilin u mund\u00ebson borxhlinj\u00ebve t\u00eb vjet\u00ebr q\u00eb pages\u00ebn ta b\u00ebjn\u00eb edhe deri n\u00eb 120 k\u00ebste. Mund\u00ebsia e re e riprogramit t\u00eb ri do t\u00eb jet\u00eb e mundur prej dat\u00ebs 15 gusht deri m\u00eb 30 n\u00ebntor t\u00eb k\u00ebtij vitit."}

Republika e Sërbisë Trupi Koordinues për komunat Bujanoc, Preshevë dhe Medvegjë

PAGESA E RRYMËS ME 120 KËSTE - Republika e Sërbisë Trupi Koordinues për komunat Bujanoc, Preshevë dhe Medvegjë

<blockquote class="wp-embedded-content" data-secret="KIkcAXMuYk"><a href="https://kt.gov.rs/sq/pagesa-e-rrymes-me-120-keste/">PAGESA E RRYMËS ME 120 KËSTE</a></blockquote><iframe sandbox="allow-scripts" security="restricted" src="https://kt.gov.rs/sq/pagesa-e-rrymes-me-120-keste/embed/#?secret=KIkcAXMuYk" width="600" height="338" title="“PAGESA E RRYMËS ME 120 KËSTE” — Republika e Sërbisë Trupi Koordinues për komunat Bujanoc, Preshevë dhe Medvegjë" data-secret="KIkcAXMuYk" frameborder="0" marginwidth="0" marginheight="0" scrolling="no" class="wp-embedded-content"></iframe><script type="text/javascript">
/* <![CDATA[ */
/*! This file is auto-generated */
!function(d,l){"use strict";l.querySelector&&d.addEventListener&&"undefined"!=typeof URL&&(d.wp=d.wp||{},d.wp.receiveEmbedMessage||(d.wp.receiveEmbedMessage=function(e){var t=e.data;if((t||t.secret||t.message||t.value)&&!/[^a-zA-Z0-9]/.test(t.secret)){for(var s,r,n,a=l.querySelectorAll('iframe[data-secret="'+t.secret+'"]'),o=l.querySelectorAll('blockquote[data-secret="'+t.secret+'"]'),c=new RegExp("^https?:$","i"),i=0;i<o.length;i++)o[i].style.display="none";for(i=0;i<a.length;i++)s=a[i],e.source===s.contentWindow&&(s.removeAttribute("style"),"height"===t.message?(1e3<(r=parseInt(t.value,10))?r=1e3:~~r<200&&(r=200),s.height=r):"link"===t.message&&(r=new URL(s.getAttribute("src")),n=new URL(t.value),c.test(n.protocol))&&n.host===r.host&&l.activeElement===s&&(d.top.location.href=t.value))}},d.addEventListener("message",d.wp.receiveEmbedMessage,!1),l.addEventListener("DOMContentLoaded",function(){for(var e,t,s=l.querySelectorAll("iframe.wp-embedded-content"),r=0;r<s.length;r++)(t=(e=s[r]).getAttribute("data-secret"))||(t=Math.random().toString(36).substring(2,12),e.src+="#?secret="+t,e.setAttribute("data-secret",t)),e.contentWindow.postMessage({message:"ready",secret:t},"*")},!1)))}(window,document);
/* ]]> */
</script>

Këshilli drejtues i elektroekonomisë së Serbisë (EPS)  ka miratuar sot vendimin e reprogramit të borxheve të rrymës elektrike me të cilin u mundëson borxhlinjëve të vjetër që pagesën ta bëjnë edhe deri në 120 këste. Mundësia e re e riprogramit të ri do të jetë e mundur prej datës 15 gusht deri më 30 nëntor të këtij vitit.
