{"version":"1.0","provider_name":"Republika e S\u00ebrbis\u00eb Trupi Koordinues p\u00ebr komunat Bujanoc, Preshev\u00eb dhe Medvegj\u00eb","provider_url":"https:\/\/kt.gov.rs\/sq\/","author_name":"ktmin","author_url":"https:\/\/kt.gov.rs\/sq\/author\/ktmin\/","title":"OVACIONE P\u00cbR ,,TI DHE UN\u00cb JEMI NE\u2019\u2019 - Republika e S\u00ebrbis\u00eb Trupi Koordinues p\u00ebr komunat Bujanoc, Preshev\u00eb dhe Medvegj\u00eb","type":"rich","width":600,"height":338,"html":"<blockquote class=\"wp-embedded-content\" data-secret=\"PqWiHZoP8s\"><a href=\"https:\/\/kt.gov.rs\/sq\/ovacione-per-ti-dhe-une-jemi-ne\/\">OVACIONE P\u00cbR ,,TI DHE UN\u00cb JEMI NE\u2019\u2019<\/a><\/blockquote><iframe sandbox=\"allow-scripts\" security=\"restricted\" src=\"https:\/\/kt.gov.rs\/sq\/ovacione-per-ti-dhe-une-jemi-ne\/embed\/#?secret=PqWiHZoP8s\" width=\"600\" height=\"338\" title=\"\u201cOVACIONE P\u00cbR ,,TI DHE UN\u00cb JEMI NE\u2019\u2019\u201d \u2014 Republika e S\u00ebrbis\u00eb Trupi Koordinues p\u00ebr komunat Bujanoc, Preshev\u00eb dhe Medvegj\u00eb\" data-secret=\"PqWiHZoP8s\" frameborder=\"0\" marginwidth=\"0\" marginheight=\"0\" scrolling=\"no\" class=\"wp-embedded-content\"><\/iframe><script type=\"text\/javascript\">\n\/* <![CDATA[ *\/\n\/*! This file is auto-generated *\/\n!function(d,l){\"use strict\";l.querySelector&&d.addEventListener&&\"undefined\"!=typeof URL&&(d.wp=d.wp||{},d.wp.receiveEmbedMessage||(d.wp.receiveEmbedMessage=function(e){var t=e.data;if((t||t.secret||t.message||t.value)&&!\/[^a-zA-Z0-9]\/.test(t.secret)){for(var s,r,n,a=l.querySelectorAll('iframe[data-secret=\"'+t.secret+'\"]'),o=l.querySelectorAll('blockquote[data-secret=\"'+t.secret+'\"]'),c=new RegExp(\"^https?:$\",\"i\"),i=0;i<o.length;i++)o[i].style.display=\"none\";for(i=0;i<a.length;i++)s=a[i],e.source===s.contentWindow&&(s.removeAttribute(\"style\"),\"height\"===t.message?(1e3<(r=parseInt(t.value,10))?r=1e3:~~r<200&&(r=200),s.height=r):\"link\"===t.message&&(r=new URL(s.getAttribute(\"src\")),n=new URL(t.value),c.test(n.protocol))&&n.host===r.host&&l.activeElement===s&&(d.top.location.href=t.value))}},d.addEventListener(\"message\",d.wp.receiveEmbedMessage,!1),l.addEventListener(\"DOMContentLoaded\",function(){for(var e,t,s=l.querySelectorAll(\"iframe.wp-embedded-content\"),r=0;r<s.length;r++)(t=(e=s[r]).getAttribute(\"data-secret\"))||(t=Math.random().toString(36).substring(2,12),e.src+=\"#?secret=\"+t,e.setAttribute(\"data-secret\",t)),e.contentWindow.postMessage({message:\"ready\",secret:t},\"*\")},!1)))}(window,document);\n\/* ]]> *\/\n<\/script>\n","thumbnail_url":"https:\/\/kt.gov.rs\/wp-content\/uploads\/2024\/07\/pic075vesti-5.jpg","thumbnail_width":250,"thumbnail_height":166,"description":"Me brohoritjet ,,bravo\u2019\u2019 dhe me duartrokitje t\u00eb pand\u00ebrprera dhe me ca lot\u00eb n\u00eb sy, publiku ka p\u00ebrcjellur nx\u00ebn\u00ebsit e shkollave t\u00eb mesme nga Bujanoci dhe Presheva n\u00eb teatrin e vog\u00ebl ,,Dushko Radoviq\u2019\u2019 n\u00eb prezentimin e \u00e7faqjes ,,Ti dhe un\u00eb jemi ne\u2019\u2019. Mundi me nder\u00eb, p\u00ebrkushtim dhe dashuri, si gjithnj\u00eb, edhe k\u00ebsaj here \u00ebsht\u00eb paguar. Kjo \u00ebsht\u00eb nj\u00eb dhurat\u00eb e v\u00ebrtet\u00eb p\u00ebr k\u00ebta nx\u00ebn\u00ebs. Dy muaj pune intenzive dhe t\u00eb mundimshme \u00ebsht\u00eb shpaguar me shoq\u00ebrim dhe me nj\u00eb projekt unikat. Si rezultat i k\u00ebsaj pune \u00ebsht\u00eb pop show mbi jet\u00ebn e tinejgjer\u00ebve t\u00eb Serbis\u00eb jugore p\u00ebr t\u00eb cil\u00ebt tekstin e kan\u00eb b\u00ebr\u00eb ata vet\u00eb dhe vet\u00eb kan\u00eb aktruar n\u00eb gjuh\u00ebn shqipe, serbe, rome dhe angleze."}

Republika e Sërbisë Trupi Koordinues për komunat Bujanoc, Preshevë dhe Medvegjë

OVACIONE PËR ,,TI DHE UNË JEMI NE’’ - Republika e Sërbisë Trupi Koordinues për komunat Bujanoc, Preshevë dhe Medvegjë

<blockquote class="wp-embedded-content" data-secret="PqWiHZoP8s"><a href="https://kt.gov.rs/sq/ovacione-per-ti-dhe-une-jemi-ne/">OVACIONE PËR ,,TI DHE UNË JEMI NE’’</a></blockquote><iframe sandbox="allow-scripts" security="restricted" src="https://kt.gov.rs/sq/ovacione-per-ti-dhe-une-jemi-ne/embed/#?secret=PqWiHZoP8s" width="600" height="338" title="“OVACIONE PËR ,,TI DHE UNË JEMI NE’’” — Republika e Sërbisë Trupi Koordinues për komunat Bujanoc, Preshevë dhe Medvegjë" data-secret="PqWiHZoP8s" frameborder="0" marginwidth="0" marginheight="0" scrolling="no" class="wp-embedded-content"></iframe><script type="text/javascript">
/* <![CDATA[ */
/*! This file is auto-generated */
!function(d,l){"use strict";l.querySelector&&d.addEventListener&&"undefined"!=typeof URL&&(d.wp=d.wp||{},d.wp.receiveEmbedMessage||(d.wp.receiveEmbedMessage=function(e){var t=e.data;if((t||t.secret||t.message||t.value)&&!/[^a-zA-Z0-9]/.test(t.secret)){for(var s,r,n,a=l.querySelectorAll('iframe[data-secret="'+t.secret+'"]'),o=l.querySelectorAll('blockquote[data-secret="'+t.secret+'"]'),c=new RegExp("^https?:$","i"),i=0;i<o.length;i++)o[i].style.display="none";for(i=0;i<a.length;i++)s=a[i],e.source===s.contentWindow&&(s.removeAttribute("style"),"height"===t.message?(1e3<(r=parseInt(t.value,10))?r=1e3:~~r<200&&(r=200),s.height=r):"link"===t.message&&(r=new URL(s.getAttribute("src")),n=new URL(t.value),c.test(n.protocol))&&n.host===r.host&&l.activeElement===s&&(d.top.location.href=t.value))}},d.addEventListener("message",d.wp.receiveEmbedMessage,!1),l.addEventListener("DOMContentLoaded",function(){for(var e,t,s=l.querySelectorAll("iframe.wp-embedded-content"),r=0;r<s.length;r++)(t=(e=s[r]).getAttribute("data-secret"))||(t=Math.random().toString(36).substring(2,12),e.src+="#?secret="+t,e.setAttribute("data-secret",t)),e.contentWindow.postMessage({message:"ready",secret:t},"*")},!1)))}(window,document);
/* ]]> */
</script>

Me brohoritjet ,,bravo’’ dhe me duartrokitje të pandërprera dhe me ca lotë në sy, publiku ka përcjellur nxënësit e shkollave të mesme nga Bujanoci dhe Presheva në teatrin e vogël ,,Dushko Radoviq’’ në prezentimin e çfaqjes ,,Ti dhe unë jemi ne’’. Mundi me nderë, përkushtim dhe dashuri, si gjithnjë, edhe kësaj here është paguar. Kjo është një dhuratë e vërtetë për këta nxënës. Dy muaj pune intenzive dhe të mundimshme është shpaguar me shoqërim dhe me një projekt unikat. Si rezultat i kësaj pune është pop show mbi jetën e tinejgjerëve të Serbisë jugore për të cilët tekstin e kanë bërë ata vetë dhe vetë kanë aktruar në gjuhën shqipe, serbe, rome dhe angleze.
