{"version":"1.0","provider_name":"Republika e S\u00ebrbis\u00eb Trupi Koordinues p\u00ebr komunat Bujanoc, Preshev\u00eb dhe Medvegj\u00eb","provider_url":"https:\/\/kt.gov.rs\/sq\/","author_name":"ktmin","author_url":"https:\/\/kt.gov.rs\/sq\/author\/ktmin\/","title":"OSBE P\u00cbRKRAH\u00cb TRUPIN KOORDINUES - Republika e S\u00ebrbis\u00eb Trupi Koordinues p\u00ebr komunat Bujanoc, Preshev\u00eb dhe Medvegj\u00eb","type":"rich","width":600,"height":338,"html":"<blockquote class=\"wp-embedded-content\" data-secret=\"HGuyThElzv\"><a href=\"https:\/\/kt.gov.rs\/sq\/osbe-perkrahe-trupin-koordinues\/\">OSBE P\u00cbRKRAH\u00cb TRUPIN KOORDINUES<\/a><\/blockquote><iframe sandbox=\"allow-scripts\" security=\"restricted\" src=\"https:\/\/kt.gov.rs\/sq\/osbe-perkrahe-trupin-koordinues\/embed\/#?secret=HGuyThElzv\" width=\"600\" height=\"338\" title=\"\u201cOSBE P\u00cbRKRAH\u00cb TRUPIN KOORDINUES\u201d \u2014 Republika e S\u00ebrbis\u00eb Trupi Koordinues p\u00ebr komunat Bujanoc, Preshev\u00eb dhe Medvegj\u00eb\" data-secret=\"HGuyThElzv\" frameborder=\"0\" marginwidth=\"0\" marginheight=\"0\" scrolling=\"no\" class=\"wp-embedded-content\"><\/iframe><script type=\"text\/javascript\">\n\/* <![CDATA[ *\/\n\/*! This file is auto-generated *\/\n!function(d,l){\"use strict\";l.querySelector&&d.addEventListener&&\"undefined\"!=typeof URL&&(d.wp=d.wp||{},d.wp.receiveEmbedMessage||(d.wp.receiveEmbedMessage=function(e){var t=e.data;if((t||t.secret||t.message||t.value)&&!\/[^a-zA-Z0-9]\/.test(t.secret)){for(var s,r,n,a=l.querySelectorAll('iframe[data-secret=\"'+t.secret+'\"]'),o=l.querySelectorAll('blockquote[data-secret=\"'+t.secret+'\"]'),c=new RegExp(\"^https?:$\",\"i\"),i=0;i<o.length;i++)o[i].style.display=\"none\";for(i=0;i<a.length;i++)s=a[i],e.source===s.contentWindow&&(s.removeAttribute(\"style\"),\"height\"===t.message?(1e3<(r=parseInt(t.value,10))?r=1e3:~~r<200&&(r=200),s.height=r):\"link\"===t.message&&(r=new URL(s.getAttribute(\"src\")),n=new URL(t.value),c.test(n.protocol))&&n.host===r.host&&l.activeElement===s&&(d.top.location.href=t.value))}},d.addEventListener(\"message\",d.wp.receiveEmbedMessage,!1),l.addEventListener(\"DOMContentLoaded\",function(){for(var e,t,s=l.querySelectorAll(\"iframe.wp-embedded-content\"),r=0;r<s.length;r++)(t=(e=s[r]).getAttribute(\"data-secret\"))||(t=Math.random().toString(36).substring(2,12),e.src+=\"#?secret=\"+t,e.setAttribute(\"data-secret\",t)),e.contentWindow.postMessage({message:\"ready\",secret:t},\"*\")},!1)))}(window,document);\n\/* ]]> *\/\n<\/script>\n","thumbnail_url":"https:\/\/kt.gov.rs\/wp-content\/uploads\/2024\/07\/pic053vesti-5.jpg","thumbnail_width":250,"thumbnail_height":166,"description":"Ambasadori i Misionit t\u00ebOSBE-s\u00eb n\u00eb Beograd deklaroi p\u00ebr Fonet se OSBE-ja n\u00eb Serbi maksimalisht p\u00ebrkrah Trupin Koordinues p\u00ebr Serbin\u00eb jugore dhe vler\u00ebsoi se ai \u00ebsht\u00eb factor i cili n\u00eb m\u00ebnyr\u00eb positive ndikon n\u00eb qet\u00ebsimin e tensioneve si dhe zbatimin e masave p\u00ebr mir\u00ebkuptim. Ai porositi se dialogu n\u00eb mes t\u00eb komuniteteve t\u00eb ndrysh\u00ebm \u00ebsht\u00eb nj\u00eb m\u00ebnyr\u00eb e r\u00ebnd\u00ebsishme p\u00ebr zgjidhjen e shum\u00eb problemeve sepse krahas zhvillimit ekonomik\u00a0 ky \u00ebsht\u00eb ,,nj\u00eb hap i r\u00ebnd\u00ebsish\u00ebm i tejkalimit t\u00eb t\u00eb gjitha t\u00eb k\u00ebqiave nga e kaluara\u2019\u2019. Kipreos konsideron se hapja e paraleles s\u00eb ndar\u00eb e Fakultetit Juridik dhe Ekonomik n\u00eb Medvegj\u00eb paraqet nj\u00eb hap\u00eb pozitiv n\u00eb p\u00ebrforcimin e shoq\u00ebris\u00eb multietnike n\u00eb Serbin\u00eb jugore."}

Republika e Sërbisë Trupi Koordinues për komunat Bujanoc, Preshevë dhe Medvegjë

OSBE PËRKRAHË TRUPIN KOORDINUES - Republika e Sërbisë Trupi Koordinues për komunat Bujanoc, Preshevë dhe Medvegjë

<blockquote class="wp-embedded-content" data-secret="HGuyThElzv"><a href="https://kt.gov.rs/sq/osbe-perkrahe-trupin-koordinues/">OSBE PËRKRAHË TRUPIN KOORDINUES</a></blockquote><iframe sandbox="allow-scripts" security="restricted" src="https://kt.gov.rs/sq/osbe-perkrahe-trupin-koordinues/embed/#?secret=HGuyThElzv" width="600" height="338" title="“OSBE PËRKRAHË TRUPIN KOORDINUES” — Republika e Sërbisë Trupi Koordinues për komunat Bujanoc, Preshevë dhe Medvegjë" data-secret="HGuyThElzv" frameborder="0" marginwidth="0" marginheight="0" scrolling="no" class="wp-embedded-content"></iframe><script type="text/javascript">
/* <![CDATA[ */
/*! This file is auto-generated */
!function(d,l){"use strict";l.querySelector&&d.addEventListener&&"undefined"!=typeof URL&&(d.wp=d.wp||{},d.wp.receiveEmbedMessage||(d.wp.receiveEmbedMessage=function(e){var t=e.data;if((t||t.secret||t.message||t.value)&&!/[^a-zA-Z0-9]/.test(t.secret)){for(var s,r,n,a=l.querySelectorAll('iframe[data-secret="'+t.secret+'"]'),o=l.querySelectorAll('blockquote[data-secret="'+t.secret+'"]'),c=new RegExp("^https?:$","i"),i=0;i<o.length;i++)o[i].style.display="none";for(i=0;i<a.length;i++)s=a[i],e.source===s.contentWindow&&(s.removeAttribute("style"),"height"===t.message?(1e3<(r=parseInt(t.value,10))?r=1e3:~~r<200&&(r=200),s.height=r):"link"===t.message&&(r=new URL(s.getAttribute("src")),n=new URL(t.value),c.test(n.protocol))&&n.host===r.host&&l.activeElement===s&&(d.top.location.href=t.value))}},d.addEventListener("message",d.wp.receiveEmbedMessage,!1),l.addEventListener("DOMContentLoaded",function(){for(var e,t,s=l.querySelectorAll("iframe.wp-embedded-content"),r=0;r<s.length;r++)(t=(e=s[r]).getAttribute("data-secret"))||(t=Math.random().toString(36).substring(2,12),e.src+="#?secret="+t,e.setAttribute("data-secret",t)),e.contentWindow.postMessage({message:"ready",secret:t},"*")},!1)))}(window,document);
/* ]]> */
</script>

Ambasadori i Misionit tëOSBE-së në Beograd deklaroi për Fonet se OSBE-ja në Serbi maksimalisht përkrah Trupin Koordinues për Serbinë jugore dhe vlerësoi se ai është factor i cili në mënyrë positive ndikon në qetësimin e tensioneve si dhe zbatimin e masave për mirëkuptim. Ai porositi se dialogu në mes të komuniteteve të ndryshëm është një mënyrë e rëndësishme për zgjidhjen e shumë problemeve sepse krahas zhvillimit ekonomik  ky është ,,një hap i rëndësishëm i tejkalimit të të gjitha të këqiave nga e kaluara’’. Kipreos konsideron se hapja e paraleles së ndarë e Fakultetit Juridik dhe Ekonomik në Medvegjë paraqet një hapë pozitiv në përforcimin e shoqërisë multietnike në Serbinë jugore.
