{"version":"1.0","provider_name":"Republika e S\u00ebrbis\u00eb Trupi Koordinues p\u00ebr komunat Bujanoc, Preshev\u00eb dhe Medvegj\u00eb","provider_url":"https:\/\/kt.gov.rs\/sq\/","author_name":"ktmin","author_url":"https:\/\/kt.gov.rs\/sq\/author\/ktmin\/","title":"KONCERT I ANSAMBLIT KOMB\u00cbTAR SHQIPTAR SONTE N\u00cb SHESH - Republika e S\u00ebrbis\u00eb Trupi Koordinues p\u00ebr komunat Bujanoc, Preshev\u00eb dhe Medvegj\u00eb","type":"rich","width":600,"height":338,"html":"<blockquote class=\"wp-embedded-content\" data-secret=\"kZxnfnFRNq\"><a href=\"https:\/\/kt.gov.rs\/sq\/koncert-i-ansamblit-kombetar-shqiptar-sonte-ne-shesh\/\">KONCERT I ANSAMBLIT KOMB\u00cbTAR SHQIPTAR SONTE N\u00cb SHESH<\/a><\/blockquote><iframe sandbox=\"allow-scripts\" security=\"restricted\" src=\"https:\/\/kt.gov.rs\/sq\/koncert-i-ansamblit-kombetar-shqiptar-sonte-ne-shesh\/embed\/#?secret=kZxnfnFRNq\" width=\"600\" height=\"338\" title=\"\u201cKONCERT I ANSAMBLIT KOMB\u00cbTAR SHQIPTAR SONTE N\u00cb SHESH\u201d \u2014 Republika e S\u00ebrbis\u00eb Trupi Koordinues p\u00ebr komunat Bujanoc, Preshev\u00eb dhe Medvegj\u00eb\" data-secret=\"kZxnfnFRNq\" frameborder=\"0\" marginwidth=\"0\" marginheight=\"0\" scrolling=\"no\" class=\"wp-embedded-content\"><\/iframe><script type=\"text\/javascript\">\n\/* <![CDATA[ *\/\n\/*! This file is auto-generated *\/\n!function(d,l){\"use strict\";l.querySelector&&d.addEventListener&&\"undefined\"!=typeof URL&&(d.wp=d.wp||{},d.wp.receiveEmbedMessage||(d.wp.receiveEmbedMessage=function(e){var t=e.data;if((t||t.secret||t.message||t.value)&&!\/[^a-zA-Z0-9]\/.test(t.secret)){for(var s,r,n,a=l.querySelectorAll('iframe[data-secret=\"'+t.secret+'\"]'),o=l.querySelectorAll('blockquote[data-secret=\"'+t.secret+'\"]'),c=new RegExp(\"^https?:$\",\"i\"),i=0;i<o.length;i++)o[i].style.display=\"none\";for(i=0;i<a.length;i++)s=a[i],e.source===s.contentWindow&&(s.removeAttribute(\"style\"),\"height\"===t.message?(1e3<(r=parseInt(t.value,10))?r=1e3:~~r<200&&(r=200),s.height=r):\"link\"===t.message&&(r=new URL(s.getAttribute(\"src\")),n=new URL(t.value),c.test(n.protocol))&&n.host===r.host&&l.activeElement===s&&(d.top.location.href=t.value))}},d.addEventListener(\"message\",d.wp.receiveEmbedMessage,!1),l.addEventListener(\"DOMContentLoaded\",function(){for(var e,t,s=l.querySelectorAll(\"iframe.wp-embedded-content\"),r=0;r<s.length;r++)(t=(e=s[r]).getAttribute(\"data-secret\"))||(t=Math.random().toString(36).substring(2,12),e.src+=\"#?secret=\"+t,e.setAttribute(\"data-secret\",t)),e.contentWindow.postMessage({message:\"ready\",secret:t},\"*\")},!1)))}(window,document);\n\/* ]]> *\/\n<\/script>\n","thumbnail_url":"https:\/\/kt.gov.rs\/wp-content\/uploads\/2024\/07\/1687424905_22062023-3.jpg","thumbnail_width":315,"thumbnail_height":230,"description":"Bujanoc-Beograd-\u00a0N\u00eb sheshin e qytetit do t\u00eb mbahet koncerti i ansamblit komb\u00ebtar shqiptar nga Maqedonia e Veriut. Koncerti fillon n\u00eb or\u00ebn 20:00. Ansambli do t\u00eb performoj\u00eb k\u00ebng\u00eb dhe valle popullore\u00a0 shqiptare."}

Republika e Sërbisë Trupi Koordinues për komunat Bujanoc, Preshevë dhe Medvegjë

KONCERT I ANSAMBLIT KOMBËTAR SHQIPTAR SONTE NË SHESH - Republika e Sërbisë Trupi Koordinues për komunat Bujanoc, Preshevë dhe Medvegjë

<blockquote class="wp-embedded-content" data-secret="kZxnfnFRNq"><a href="https://kt.gov.rs/sq/koncert-i-ansamblit-kombetar-shqiptar-sonte-ne-shesh/">KONCERT I ANSAMBLIT KOMBËTAR SHQIPTAR SONTE NË SHESH</a></blockquote><iframe sandbox="allow-scripts" security="restricted" src="https://kt.gov.rs/sq/koncert-i-ansamblit-kombetar-shqiptar-sonte-ne-shesh/embed/#?secret=kZxnfnFRNq" width="600" height="338" title="“KONCERT I ANSAMBLIT KOMBËTAR SHQIPTAR SONTE NË SHESH” — Republika e Sërbisë Trupi Koordinues për komunat Bujanoc, Preshevë dhe Medvegjë" data-secret="kZxnfnFRNq" frameborder="0" marginwidth="0" marginheight="0" scrolling="no" class="wp-embedded-content"></iframe><script type="text/javascript">
/* <![CDATA[ */
/*! This file is auto-generated */
!function(d,l){"use strict";l.querySelector&&d.addEventListener&&"undefined"!=typeof URL&&(d.wp=d.wp||{},d.wp.receiveEmbedMessage||(d.wp.receiveEmbedMessage=function(e){var t=e.data;if((t||t.secret||t.message||t.value)&&!/[^a-zA-Z0-9]/.test(t.secret)){for(var s,r,n,a=l.querySelectorAll('iframe[data-secret="'+t.secret+'"]'),o=l.querySelectorAll('blockquote[data-secret="'+t.secret+'"]'),c=new RegExp("^https?:$","i"),i=0;i<o.length;i++)o[i].style.display="none";for(i=0;i<a.length;i++)s=a[i],e.source===s.contentWindow&&(s.removeAttribute("style"),"height"===t.message?(1e3<(r=parseInt(t.value,10))?r=1e3:~~r<200&&(r=200),s.height=r):"link"===t.message&&(r=new URL(s.getAttribute("src")),n=new URL(t.value),c.test(n.protocol))&&n.host===r.host&&l.activeElement===s&&(d.top.location.href=t.value))}},d.addEventListener("message",d.wp.receiveEmbedMessage,!1),l.addEventListener("DOMContentLoaded",function(){for(var e,t,s=l.querySelectorAll("iframe.wp-embedded-content"),r=0;r<s.length;r++)(t=(e=s[r]).getAttribute("data-secret"))||(t=Math.random().toString(36).substring(2,12),e.src+="#?secret="+t,e.setAttribute("data-secret",t)),e.contentWindow.postMessage({message:"ready",secret:t},"*")},!1)))}(window,document);
/* ]]> */
</script>

Bujanoc-Beograd- Në sheshin e qytetit do të mbahet koncerti i ansamblit kombëtar shqiptar nga Maqedonia e Veriut. Koncerti fillon në orën 20:00. Ansambli do të performojë këngë dhe valle popullore  shqiptare.
