{"version":"1.0","provider_name":"Republika e S\u00ebrbis\u00eb Trupi Koordinues p\u00ebr komunat Bujanoc, Preshev\u00eb dhe Medvegj\u00eb","provider_url":"https:\/\/kt.gov.rs\/sq\/","author_name":"ktmin","author_url":"https:\/\/kt.gov.rs\/sq\/author\/ktmin\/","title":"\u00cbSHT\u00cb MUND\u00cbSUAR PAGESA E RREGULLT E NDIHMAVE SOCIALE - Republika e S\u00ebrbis\u00eb Trupi Koordinues p\u00ebr komunat Bujanoc, Preshev\u00eb dhe Medvegj\u00eb","type":"rich","width":600,"height":338,"html":"<blockquote class=\"wp-embedded-content\" data-secret=\"vS1WtQyoxA\"><a href=\"https:\/\/kt.gov.rs\/sq\/eshte-mundesuar-pagesa-e-rregullt-e-ndihmave-sociale\/\">\u00cbSHT\u00cb MUND\u00cbSUAR PAGESA E RREGULLT E NDIHMAVE SOCIALE<\/a><\/blockquote><iframe sandbox=\"allow-scripts\" security=\"restricted\" src=\"https:\/\/kt.gov.rs\/sq\/eshte-mundesuar-pagesa-e-rregullt-e-ndihmave-sociale\/embed\/#?secret=vS1WtQyoxA\" width=\"600\" height=\"338\" title=\"\u201c\u00cbSHT\u00cb MUND\u00cbSUAR PAGESA E RREGULLT E NDIHMAVE SOCIALE\u201d \u2014 Republika e S\u00ebrbis\u00eb Trupi Koordinues p\u00ebr komunat Bujanoc, Preshev\u00eb dhe Medvegj\u00eb\" data-secret=\"vS1WtQyoxA\" frameborder=\"0\" marginwidth=\"0\" marginheight=\"0\" scrolling=\"no\" class=\"wp-embedded-content\"><\/iframe><script type=\"text\/javascript\">\n\/* <![CDATA[ *\/\n\/*! This file is auto-generated *\/\n!function(d,l){\"use strict\";l.querySelector&&d.addEventListener&&\"undefined\"!=typeof URL&&(d.wp=d.wp||{},d.wp.receiveEmbedMessage||(d.wp.receiveEmbedMessage=function(e){var t=e.data;if((t||t.secret||t.message||t.value)&&!\/[^a-zA-Z0-9]\/.test(t.secret)){for(var s,r,n,a=l.querySelectorAll('iframe[data-secret=\"'+t.secret+'\"]'),o=l.querySelectorAll('blockquote[data-secret=\"'+t.secret+'\"]'),c=new RegExp(\"^https?:$\",\"i\"),i=0;i<o.length;i++)o[i].style.display=\"none\";for(i=0;i<a.length;i++)s=a[i],e.source===s.contentWindow&&(s.removeAttribute(\"style\"),\"height\"===t.message?(1e3<(r=parseInt(t.value,10))?r=1e3:~~r<200&&(r=200),s.height=r):\"link\"===t.message&&(r=new URL(s.getAttribute(\"src\")),n=new URL(t.value),c.test(n.protocol))&&n.host===r.host&&l.activeElement===s&&(d.top.location.href=t.value))}},d.addEventListener(\"message\",d.wp.receiveEmbedMessage,!1),l.addEventListener(\"DOMContentLoaded\",function(){for(var e,t,s=l.querySelectorAll(\"iframe.wp-embedded-content\"),r=0;r<s.length;r++)(t=(e=s[r]).getAttribute(\"data-secret\"))||(t=Math.random().toString(36).substring(2,12),e.src+=\"#?secret=\"+t,e.setAttribute(\"data-secret\",t)),e.contentWindow.postMessage({message:\"ready\",secret:t},\"*\")},!1)))}(window,document);\n\/* ]]> *\/\n<\/script>\n","thumbnail_url":"https:\/\/kt.gov.rs\/wp-content\/uploads\/2024\/07\/1587543294_220420_1-5.jpg","thumbnail_width":315,"thumbnail_height":230,"description":"Ministria e Pun\u00ebs, Pun\u00ebsimit, \u00e7\u00ebshtjeve Veterane dhe Sociale \u00ebsht\u00eb n\u00eb gjendje t\u00eb jasht\u00ebzakonshme dhe shpalli nj\u00eb pandemi t\u00eb s\u00ebmundjes infektive COVID-19, me angazhimin maksimal t\u00eb t\u00eb gjitha burimeve njer\u00ebzore t\u00eb disponueshme, nga data 14.04.2020, ka p\u00ebrpunuar t\u00eb dh\u00ebna p\u00ebr\u00a0449.614\u00a0p\u00ebrfitues t\u00eb p\u00ebrfitimeve sociale\u00a0p\u00ebr mars 2020, i futi ato n\u00eb sistemin e pagesave t\u00eb Departamentit t\u00eb Thesarit t\u00eb Ministris\u00eb s\u00eb Financave, dhe k\u00ebshtu mund\u00ebsoi pagesa t\u00eb rregullta t\u00eb t\u00eb drejtave n\u00eb p\u00ebrputhje me ligjin."}

Republika e Sërbisë Trupi Koordinues për komunat Bujanoc, Preshevë dhe Medvegjë

ËSHTË MUNDËSUAR PAGESA E RREGULLT E NDIHMAVE SOCIALE - Republika e Sërbisë Trupi Koordinues për komunat Bujanoc, Preshevë dhe Medvegjë

<blockquote class="wp-embedded-content" data-secret="vS1WtQyoxA"><a href="https://kt.gov.rs/sq/eshte-mundesuar-pagesa-e-rregullt-e-ndihmave-sociale/">ËSHTË MUNDËSUAR PAGESA E RREGULLT E NDIHMAVE SOCIALE</a></blockquote><iframe sandbox="allow-scripts" security="restricted" src="https://kt.gov.rs/sq/eshte-mundesuar-pagesa-e-rregullt-e-ndihmave-sociale/embed/#?secret=vS1WtQyoxA" width="600" height="338" title="“ËSHTË MUNDËSUAR PAGESA E RREGULLT E NDIHMAVE SOCIALE” — Republika e Sërbisë Trupi Koordinues për komunat Bujanoc, Preshevë dhe Medvegjë" data-secret="vS1WtQyoxA" frameborder="0" marginwidth="0" marginheight="0" scrolling="no" class="wp-embedded-content"></iframe><script type="text/javascript">
/* <![CDATA[ */
/*! This file is auto-generated */
!function(d,l){"use strict";l.querySelector&&d.addEventListener&&"undefined"!=typeof URL&&(d.wp=d.wp||{},d.wp.receiveEmbedMessage||(d.wp.receiveEmbedMessage=function(e){var t=e.data;if((t||t.secret||t.message||t.value)&&!/[^a-zA-Z0-9]/.test(t.secret)){for(var s,r,n,a=l.querySelectorAll('iframe[data-secret="'+t.secret+'"]'),o=l.querySelectorAll('blockquote[data-secret="'+t.secret+'"]'),c=new RegExp("^https?:$","i"),i=0;i<o.length;i++)o[i].style.display="none";for(i=0;i<a.length;i++)s=a[i],e.source===s.contentWindow&&(s.removeAttribute("style"),"height"===t.message?(1e3<(r=parseInt(t.value,10))?r=1e3:~~r<200&&(r=200),s.height=r):"link"===t.message&&(r=new URL(s.getAttribute("src")),n=new URL(t.value),c.test(n.protocol))&&n.host===r.host&&l.activeElement===s&&(d.top.location.href=t.value))}},d.addEventListener("message",d.wp.receiveEmbedMessage,!1),l.addEventListener("DOMContentLoaded",function(){for(var e,t,s=l.querySelectorAll("iframe.wp-embedded-content"),r=0;r<s.length;r++)(t=(e=s[r]).getAttribute("data-secret"))||(t=Math.random().toString(36).substring(2,12),e.src+="#?secret="+t,e.setAttribute("data-secret",t)),e.contentWindow.postMessage({message:"ready",secret:t},"*")},!1)))}(window,document);
/* ]]> */
</script>

Ministria e Punës, Punësimit, çështjeve Veterane dhe Sociale është në gjendje të jashtëzakonshme dhe shpalli një pandemi të sëmundjes infektive COVID-19, me angazhimin maksimal të të gjitha burimeve njerëzore të disponueshme, nga data 14.04.2020, ka përpunuar të dhëna për 449.614 përfitues të përfitimeve sociale për mars 2020, i futi ato në sistemin e pagesave të Departamentit të Thesarit të Ministrisë së Financave, dhe kështu mundësoi pagesa të rregullta të të drejtave në përputhje me ligjin.
