{"version":"1.0","provider_name":"Republika e S\u00ebrbis\u00eb Trupi Koordinues p\u00ebr komunat Bujanoc, Preshev\u00eb dhe Medvegj\u00eb","provider_url":"https:\/\/kt.gov.rs\/sq\/","author_name":"ktmin","author_url":"https:\/\/kt.gov.rs\/sq\/author\/ktmin\/","title":"AUTOMJETE T\u00cb ZJARRFIKS\u00cbVE P\u00cbR SIMPON - Republika e S\u00ebrbis\u00eb Trupi Koordinues p\u00ebr komunat Bujanoc, Preshev\u00eb dhe Medvegj\u00eb","type":"rich","width":600,"height":338,"html":"<blockquote class=\"wp-embedded-content\" data-secret=\"DFfS1vFT6Z\"><a href=\"https:\/\/kt.gov.rs\/sq\/automjete-te-zjarrfikseve-per-simpon\/\">AUTOMJETE T\u00cb ZJARRFIKS\u00cbVE P\u00cbR SIMPON<\/a><\/blockquote><iframe sandbox=\"allow-scripts\" security=\"restricted\" src=\"https:\/\/kt.gov.rs\/sq\/automjete-te-zjarrfikseve-per-simpon\/embed\/#?secret=DFfS1vFT6Z\" width=\"600\" height=\"338\" title=\"\u201cAUTOMJETE T\u00cb ZJARRFIKS\u00cbVE P\u00cbR SIMPON\u201d \u2014 Republika e S\u00ebrbis\u00eb Trupi Koordinues p\u00ebr komunat Bujanoc, Preshev\u00eb dhe Medvegj\u00eb\" data-secret=\"DFfS1vFT6Z\" frameborder=\"0\" marginwidth=\"0\" marginheight=\"0\" scrolling=\"no\" class=\"wp-embedded-content\"><\/iframe><script type=\"text\/javascript\">\n\/* <![CDATA[ *\/\n\/*! This file is auto-generated *\/\n!function(d,l){\"use strict\";l.querySelector&&d.addEventListener&&\"undefined\"!=typeof URL&&(d.wp=d.wp||{},d.wp.receiveEmbedMessage||(d.wp.receiveEmbedMessage=function(e){var t=e.data;if((t||t.secret||t.message||t.value)&&!\/[^a-zA-Z0-9]\/.test(t.secret)){for(var s,r,n,a=l.querySelectorAll('iframe[data-secret=\"'+t.secret+'\"]'),o=l.querySelectorAll('blockquote[data-secret=\"'+t.secret+'\"]'),c=new RegExp(\"^https?:$\",\"i\"),i=0;i<o.length;i++)o[i].style.display=\"none\";for(i=0;i<a.length;i++)s=a[i],e.source===s.contentWindow&&(s.removeAttribute(\"style\"),\"height\"===t.message?(1e3<(r=parseInt(t.value,10))?r=1e3:~~r<200&&(r=200),s.height=r):\"link\"===t.message&&(r=new URL(s.getAttribute(\"src\")),n=new URL(t.value),c.test(n.protocol))&&n.host===r.host&&l.activeElement===s&&(d.top.location.href=t.value))}},d.addEventListener(\"message\",d.wp.receiveEmbedMessage,!1),l.addEventListener(\"DOMContentLoaded\",function(){for(var e,t,s=l.querySelectorAll(\"iframe.wp-embedded-content\"),r=0;r<s.length;r++)(t=(e=s[r]).getAttribute(\"data-secret\"))||(t=Math.random().toString(36).substring(2,12),e.src+=\"#?secret=\"+t,e.setAttribute(\"data-secret\",t)),e.contentWindow.postMessage({message:\"ready\",secret:t},\"*\")},!1)))}(window,document);\n\/* ]]> *\/\n<\/script>\n","description":"Vranj\u00eb \u2013 Blerja e automjetit t\u00eb zjarr\u00ebfiksave q\u00eb ka kushtuar\u00a0 133 000 euro, \u00ebsht\u00eb rezultat i bashkpunimit t\u00eb suksesh\u00ebm 12 vje\u00e7ar\u00eb n\u00eb m\u00ebs\u00a0 Simpos dhe DDOR Novi Sad."}

Republika e Sërbisë Trupi Koordinues për komunat Bujanoc, Preshevë dhe Medvegjë

AUTOMJETE TË ZJARRFIKSËVE PËR SIMPON - Republika e Sërbisë Trupi Koordinues për komunat Bujanoc, Preshevë dhe Medvegjë

<blockquote class="wp-embedded-content" data-secret="DFfS1vFT6Z"><a href="https://kt.gov.rs/sq/automjete-te-zjarrfikseve-per-simpon/">AUTOMJETE TË ZJARRFIKSËVE PËR SIMPON</a></blockquote><iframe sandbox="allow-scripts" security="restricted" src="https://kt.gov.rs/sq/automjete-te-zjarrfikseve-per-simpon/embed/#?secret=DFfS1vFT6Z" width="600" height="338" title="“AUTOMJETE TË ZJARRFIKSËVE PËR SIMPON” — Republika e Sërbisë Trupi Koordinues për komunat Bujanoc, Preshevë dhe Medvegjë" data-secret="DFfS1vFT6Z" frameborder="0" marginwidth="0" marginheight="0" scrolling="no" class="wp-embedded-content"></iframe><script type="text/javascript">
/* <![CDATA[ */
/*! This file is auto-generated */
!function(d,l){"use strict";l.querySelector&&d.addEventListener&&"undefined"!=typeof URL&&(d.wp=d.wp||{},d.wp.receiveEmbedMessage||(d.wp.receiveEmbedMessage=function(e){var t=e.data;if((t||t.secret||t.message||t.value)&&!/[^a-zA-Z0-9]/.test(t.secret)){for(var s,r,n,a=l.querySelectorAll('iframe[data-secret="'+t.secret+'"]'),o=l.querySelectorAll('blockquote[data-secret="'+t.secret+'"]'),c=new RegExp("^https?:$","i"),i=0;i<o.length;i++)o[i].style.display="none";for(i=0;i<a.length;i++)s=a[i],e.source===s.contentWindow&&(s.removeAttribute("style"),"height"===t.message?(1e3<(r=parseInt(t.value,10))?r=1e3:~~r<200&&(r=200),s.height=r):"link"===t.message&&(r=new URL(s.getAttribute("src")),n=new URL(t.value),c.test(n.protocol))&&n.host===r.host&&l.activeElement===s&&(d.top.location.href=t.value))}},d.addEventListener("message",d.wp.receiveEmbedMessage,!1),l.addEventListener("DOMContentLoaded",function(){for(var e,t,s=l.querySelectorAll("iframe.wp-embedded-content"),r=0;r<s.length;r++)(t=(e=s[r]).getAttribute("data-secret"))||(t=Math.random().toString(36).substring(2,12),e.src+="#?secret="+t,e.setAttribute("data-secret",t)),e.contentWindow.postMessage({message:"ready",secret:t},"*")},!1)))}(window,document);
/* ]]> */
</script>

Vranjë – Blerja e automjetit të zjarrëfiksave që ka kushtuar  133 000 euro, është rezultat i bashkpunimit të sukseshëm 12 vjeçarë në mës  Simpos dhe DDOR Novi Sad.
