{"version":"1.0","provider_name":"Republika e S\u00ebrbis\u00eb Trupi Koordinues p\u00ebr komunat Bujanoc, Preshev\u00eb dhe Medvegj\u00eb","provider_url":"https:\/\/kt.gov.rs\/sq\/","author_name":"ktmin","author_url":"https:\/\/kt.gov.rs\/sq\/author\/ktmin\/","title":"ARIFI P\u00cbRMBUSH PREMTIMIN E BANOR\u00cbVE T\u00cb BOZHINJEVCIT - Republika e S\u00ebrbis\u00eb Trupi Koordinues p\u00ebr komunat Bujanoc, Preshev\u00eb dhe Medvegj\u00eb","type":"rich","width":600,"height":338,"html":"<blockquote class=\"wp-embedded-content\" data-secret=\"EG1AlGTDxD\"><a href=\"https:\/\/kt.gov.rs\/sq\/arifi-permbush-premtimin-e-banoreve-te-bozhinjevcit\/\">ARIFI P\u00cbRMBUSH PREMTIMIN E BANOR\u00cbVE T\u00cb BOZHINJEVCIT<\/a><\/blockquote><iframe sandbox=\"allow-scripts\" security=\"restricted\" src=\"https:\/\/kt.gov.rs\/sq\/arifi-permbush-premtimin-e-banoreve-te-bozhinjevcit\/embed\/#?secret=EG1AlGTDxD\" width=\"600\" height=\"338\" title=\"\u201cARIFI P\u00cbRMBUSH PREMTIMIN E BANOR\u00cbVE T\u00cb BOZHINJEVCIT\u201d \u2014 Republika e S\u00ebrbis\u00eb Trupi Koordinues p\u00ebr komunat Bujanoc, Preshev\u00eb dhe Medvegj\u00eb\" data-secret=\"EG1AlGTDxD\" frameborder=\"0\" marginwidth=\"0\" marginheight=\"0\" scrolling=\"no\" class=\"wp-embedded-content\"><\/iframe><script type=\"text\/javascript\">\n\/* <![CDATA[ *\/\n\/*! This file is auto-generated *\/\n!function(d,l){\"use strict\";l.querySelector&&d.addEventListener&&\"undefined\"!=typeof URL&&(d.wp=d.wp||{},d.wp.receiveEmbedMessage||(d.wp.receiveEmbedMessage=function(e){var t=e.data;if((t||t.secret||t.message||t.value)&&!\/[^a-zA-Z0-9]\/.test(t.secret)){for(var s,r,n,a=l.querySelectorAll('iframe[data-secret=\"'+t.secret+'\"]'),o=l.querySelectorAll('blockquote[data-secret=\"'+t.secret+'\"]'),c=new RegExp(\"^https?:$\",\"i\"),i=0;i<o.length;i++)o[i].style.display=\"none\";for(i=0;i<a.length;i++)s=a[i],e.source===s.contentWindow&&(s.removeAttribute(\"style\"),\"height\"===t.message?(1e3<(r=parseInt(t.value,10))?r=1e3:~~r<200&&(r=200),s.height=r):\"link\"===t.message&&(r=new URL(s.getAttribute(\"src\")),n=new URL(t.value),c.test(n.protocol))&&n.host===r.host&&l.activeElement===s&&(d.top.location.href=t.value))}},d.addEventListener(\"message\",d.wp.receiveEmbedMessage,!1),l.addEventListener(\"DOMContentLoaded\",function(){for(var e,t,s=l.querySelectorAll(\"iframe.wp-embedded-content\"),r=0;r<s.length;r++)(t=(e=s[r]).getAttribute(\"data-secret\"))||(t=Math.random().toString(36).substring(2,12),e.src+=\"#?secret=\"+t,e.setAttribute(\"data-secret\",t)),e.contentWindow.postMessage({message:\"ready\",secret:t},\"*\")},!1)))}(window,document);\n\/* ]]> *\/\n<\/script>\n","thumbnail_url":"https:\/\/kt.gov.rs\/wp-content\/uploads\/2024\/07\/1625744867_080721_2-3.jpg","thumbnail_width":315,"thumbnail_height":230,"description":"Bujanoc - Beograd -\u00a0Kryetari i komun\u00ebs s\u00eb Bujanocit, Nagip Arifi, p\u00ebrmbushi nj\u00eb nga premtimet e dh\u00ebna banor\u00ebve t\u00eb Bozhinjevcit n\u00eb takimin pas protest\u00ebs p\u00ebr shkak t\u00eb problemeve komunale. Makinerit\u00eb e Komunalis\u00eb, t\u00eb shoq\u00ebruara nga Arifi, s\u00eb bashku me pun\u00ebtor\u00ebt, dol\u00ebn n\u00eb fush\u00eb dhe zgjidh\u00ebn problemin e uj\u00ebrave t\u00eb zeza n\u00eb k\u00ebt\u00eb fshat."}

Republika e Sërbisë Trupi Koordinues për komunat Bujanoc, Preshevë dhe Medvegjë

ARIFI PËRMBUSH PREMTIMIN E BANORËVE TË BOZHINJEVCIT - Republika e Sërbisë Trupi Koordinues për komunat Bujanoc, Preshevë dhe Medvegjë

<blockquote class="wp-embedded-content" data-secret="EG1AlGTDxD"><a href="https://kt.gov.rs/sq/arifi-permbush-premtimin-e-banoreve-te-bozhinjevcit/">ARIFI PËRMBUSH PREMTIMIN E BANORËVE TË BOZHINJEVCIT</a></blockquote><iframe sandbox="allow-scripts" security="restricted" src="https://kt.gov.rs/sq/arifi-permbush-premtimin-e-banoreve-te-bozhinjevcit/embed/#?secret=EG1AlGTDxD" width="600" height="338" title="“ARIFI PËRMBUSH PREMTIMIN E BANORËVE TË BOZHINJEVCIT” — Republika e Sërbisë Trupi Koordinues për komunat Bujanoc, Preshevë dhe Medvegjë" data-secret="EG1AlGTDxD" frameborder="0" marginwidth="0" marginheight="0" scrolling="no" class="wp-embedded-content"></iframe><script type="text/javascript">
/* <![CDATA[ */
/*! This file is auto-generated */
!function(d,l){"use strict";l.querySelector&&d.addEventListener&&"undefined"!=typeof URL&&(d.wp=d.wp||{},d.wp.receiveEmbedMessage||(d.wp.receiveEmbedMessage=function(e){var t=e.data;if((t||t.secret||t.message||t.value)&&!/[^a-zA-Z0-9]/.test(t.secret)){for(var s,r,n,a=l.querySelectorAll('iframe[data-secret="'+t.secret+'"]'),o=l.querySelectorAll('blockquote[data-secret="'+t.secret+'"]'),c=new RegExp("^https?:$","i"),i=0;i<o.length;i++)o[i].style.display="none";for(i=0;i<a.length;i++)s=a[i],e.source===s.contentWindow&&(s.removeAttribute("style"),"height"===t.message?(1e3<(r=parseInt(t.value,10))?r=1e3:~~r<200&&(r=200),s.height=r):"link"===t.message&&(r=new URL(s.getAttribute("src")),n=new URL(t.value),c.test(n.protocol))&&n.host===r.host&&l.activeElement===s&&(d.top.location.href=t.value))}},d.addEventListener("message",d.wp.receiveEmbedMessage,!1),l.addEventListener("DOMContentLoaded",function(){for(var e,t,s=l.querySelectorAll("iframe.wp-embedded-content"),r=0;r<s.length;r++)(t=(e=s[r]).getAttribute("data-secret"))||(t=Math.random().toString(36).substring(2,12),e.src+="#?secret="+t,e.setAttribute("data-secret",t)),e.contentWindow.postMessage({message:"ready",secret:t},"*")},!1)))}(window,document);
/* ]]> */
</script>

Bujanoc - Beograd - Kryetari i komunës së Bujanocit, Nagip Arifi, përmbushi një nga premtimet e dhëna banorëve të Bozhinjevcit në takimin pas protestës për shkak të problemeve komunale. Makineritë e Komunalisë, të shoqëruara nga Arifi, së bashku me punëtorët, dolën në fushë dhe zgjidhën problemin e ujërave të zeza në këtë fshat.
