{"version":"1.0","provider_name":"Republika e S\u00ebrbis\u00eb Trupi Koordinues p\u00ebr komunat Bujanoc, Preshev\u00eb dhe Medvegj\u00eb","provider_url":"https:\/\/kt.gov.rs\/sq\/","author_name":"ktmin","author_url":"https:\/\/kt.gov.rs\/sq\/author\/ktmin\/","title":"1.9.2010 - Republika e S\u00ebrbis\u00eb Trupi Koordinues p\u00ebr komunat Bujanoc, Preshev\u00eb dhe Medvegj\u00eb","type":"rich","width":600,"height":338,"html":"<blockquote class=\"wp-embedded-content\" data-secret=\"TzPfMV7LAN\"><a href=\"https:\/\/kt.gov.rs\/sq\/1-9-2010\/\">1.9.2010<\/a><\/blockquote><iframe sandbox=\"allow-scripts\" security=\"restricted\" src=\"https:\/\/kt.gov.rs\/sq\/1-9-2010\/embed\/#?secret=TzPfMV7LAN\" width=\"600\" height=\"338\" title=\"\u201c1.9.2010\u201d \u2014 Republika e S\u00ebrbis\u00eb Trupi Koordinues p\u00ebr komunat Bujanoc, Preshev\u00eb dhe Medvegj\u00eb\" data-secret=\"TzPfMV7LAN\" frameborder=\"0\" marginwidth=\"0\" marginheight=\"0\" scrolling=\"no\" class=\"wp-embedded-content\"><\/iframe><script type=\"text\/javascript\">\n\/* <![CDATA[ *\/\n\/*! This file is auto-generated *\/\n!function(d,l){\"use strict\";l.querySelector&&d.addEventListener&&\"undefined\"!=typeof URL&&(d.wp=d.wp||{},d.wp.receiveEmbedMessage||(d.wp.receiveEmbedMessage=function(e){var t=e.data;if((t||t.secret||t.message||t.value)&&!\/[^a-zA-Z0-9]\/.test(t.secret)){for(var s,r,n,a=l.querySelectorAll('iframe[data-secret=\"'+t.secret+'\"]'),o=l.querySelectorAll('blockquote[data-secret=\"'+t.secret+'\"]'),c=new RegExp(\"^https?:$\",\"i\"),i=0;i<o.length;i++)o[i].style.display=\"none\";for(i=0;i<a.length;i++)s=a[i],e.source===s.contentWindow&&(s.removeAttribute(\"style\"),\"height\"===t.message?(1e3<(r=parseInt(t.value,10))?r=1e3:~~r<200&&(r=200),s.height=r):\"link\"===t.message&&(r=new URL(s.getAttribute(\"src\")),n=new URL(t.value),c.test(n.protocol))&&n.host===r.host&&l.activeElement===s&&(d.top.location.href=t.value))}},d.addEventListener(\"message\",d.wp.receiveEmbedMessage,!1),l.addEventListener(\"DOMContentLoaded\",function(){for(var e,t,s=l.querySelectorAll(\"iframe.wp-embedded-content\"),r=0;r<s.length;r++)(t=(e=s[r]).getAttribute(\"data-secret\"))||(t=Math.random().toString(36).substring(2,12),e.src+=\"#?secret=\"+t,e.setAttribute(\"data-secret\",t)),e.contentWindow.postMessage({message:\"ready\",secret:t},\"*\")},!1)))}(window,document);\n\/* ]]> *\/\n<\/script>\n","description":"USHTRIA NDIHMON FSHATIN SHQIP\u00cbTAR\u00cb\u00a0  BUJANOC \u2013 P\u00ebrfaq\u00ebsuesit e ushtris\u00eb s\u00eb Serbis\u00eb dje kan\u00eb vizituar fshatin Muhoc, fshat shqip\u00ebtar\u00eb n\u00eb komun\u00ebn e Bujanocit i cili gjendet n\u00eb zon\u00ebn e siguris\u00eb ku me k\u00ebt\u00eb rast kan\u00eb dh\u00ebn\u00eb ndihm\u00ebn mjek\u00ebsore qytetar\u00ebve t\u00eb cil\u00ebt kan\u00eb pasur nevoj\u00eb. Vizita e ushtris\u00eb \u00ebsht\u00eb e dyta me radh\u00eb k\u00ebt\u00eb vit\u00eb dhe \u00ebsht\u00eb nj\u00eb pjes\u00eb\u00a0 e planit t\u00eb ushtris\u00eb s\u00eb Serbis\u00eb p\u00ebr nd\u00ebrlidhje m\u00eb t\u00eb mira me qytetar\u00ebt lokal n\u00eb m\u00ebnyr\u00eb q\u00eb t\u00eb zvog\u00eblohen tensionet n\u00eb zon\u00ebn e siguris\u00eb."}

Republika e Sërbisë Trupi Koordinues për komunat Bujanoc, Preshevë dhe Medvegjë

1.9.2010 - Republika e Sërbisë Trupi Koordinues për komunat Bujanoc, Preshevë dhe Medvegjë

<blockquote class="wp-embedded-content" data-secret="TzPfMV7LAN"><a href="https://kt.gov.rs/sq/1-9-2010/">1.9.2010</a></blockquote><iframe sandbox="allow-scripts" security="restricted" src="https://kt.gov.rs/sq/1-9-2010/embed/#?secret=TzPfMV7LAN" width="600" height="338" title="“1.9.2010” — Republika e Sërbisë Trupi Koordinues për komunat Bujanoc, Preshevë dhe Medvegjë" data-secret="TzPfMV7LAN" frameborder="0" marginwidth="0" marginheight="0" scrolling="no" class="wp-embedded-content"></iframe><script type="text/javascript">
/* <![CDATA[ */
/*! This file is auto-generated */
!function(d,l){"use strict";l.querySelector&&d.addEventListener&&"undefined"!=typeof URL&&(d.wp=d.wp||{},d.wp.receiveEmbedMessage||(d.wp.receiveEmbedMessage=function(e){var t=e.data;if((t||t.secret||t.message||t.value)&&!/[^a-zA-Z0-9]/.test(t.secret)){for(var s,r,n,a=l.querySelectorAll('iframe[data-secret="'+t.secret+'"]'),o=l.querySelectorAll('blockquote[data-secret="'+t.secret+'"]'),c=new RegExp("^https?:$","i"),i=0;i<o.length;i++)o[i].style.display="none";for(i=0;i<a.length;i++)s=a[i],e.source===s.contentWindow&&(s.removeAttribute("style"),"height"===t.message?(1e3<(r=parseInt(t.value,10))?r=1e3:~~r<200&&(r=200),s.height=r):"link"===t.message&&(r=new URL(s.getAttribute("src")),n=new URL(t.value),c.test(n.protocol))&&n.host===r.host&&l.activeElement===s&&(d.top.location.href=t.value))}},d.addEventListener("message",d.wp.receiveEmbedMessage,!1),l.addEventListener("DOMContentLoaded",function(){for(var e,t,s=l.querySelectorAll("iframe.wp-embedded-content"),r=0;r<s.length;r++)(t=(e=s[r]).getAttribute("data-secret"))||(t=Math.random().toString(36).substring(2,12),e.src+="#?secret="+t,e.setAttribute("data-secret",t)),e.contentWindow.postMessage({message:"ready",secret:t},"*")},!1)))}(window,document);
/* ]]> */
</script>

USHTRIA NDIHMON FSHATIN SHQIPËTARË   BUJANOC – Përfaqësuesit e ushtrisë së Serbisë dje kanë vizituar fshatin Muhoc, fshat shqipëtarë në komunën e Bujanocit i cili gjendet në zonën e sigurisë ku me këtë rast kanë dhënë ndihmën mjekësore qytetarëve të cilët kanë pasur nevojë. Vizita e ushtrisë është e dyta me radhë këtë vitë dhe është një pjesë  e planit të ushtrisë së Serbisë për ndërlidhje më të mira me qytetarët lokal në mënyrë që të zvogëlohen tensionet në zonën e sigurisë.
